ime factors of 2486?
2, 11, 113
List the prime factors of 2875.
5, 23
List the prime factors of 19681.
19681
What are the prime factors of 35762?
2, 17881
List the prime factors of 2627.
37, 71
What are the prime factors of 42707?
7, 6101
What are the prime factors of 90377?
7, 12911
List the prime factors of 2074.
2, 17, 61
List the prime factors of 1296.
2, 3
What are the prime factors of 7020?
2, 3, 5, 13
What are the prime factors of 16116?
2, 3, 17, 79
List the prime factors of 87.
3, 29
What are the prime factors of 1138?
2, 569
List the prime factors of 11026.
2, 37, 149
List the prime factors of 1238.
2, 619
List the prime factors of 54027.
3, 23, 29
What are the prime factors of 81?
3
What are the prime factors of 1408?
2, 11
List the prime factors of 1964.
2, 491
What are the prime factors of 48176?
2, 3011
List the prime factors of 10999.
17, 647
What are the prime factors of 21948?
2, 3, 31, 59
List the prime factors of 47161.
47161
What are the prime factors of 479?
479
What are the prime factors of 261?
3, 29
What are the prime factors of 952?
2, 7, 17
What are the prime factors of 53705?
5, 23, 467
List the prime factors of 49122.
2, 3, 2729
List the prime factors of 49120.
2, 5, 307
List the prime factors of 31375.
5, 251
What are the prime factors of 15213?
3, 11, 461
List the prime factors of 6991.
6991
List the prime factors of 351.
3, 13
List the prime factors of 31343.
13, 2411
List the prime factors of 4746.
2, 3, 7, 113
List the prime factors of 1092.
2, 3, 7, 13
What are the prime factors of 2597?
7, 53
What are the prime factors of 33656?
2, 7, 601
List the prime factors of 2140.
2, 5, 107
List the prime factors of 104669.
17, 47, 131
List the prime factors of 3688.
2, 461
What are the prime factors of 44392?
2, 31, 179
What are the prime factors of 586?
2, 293
What are the prime factors of 740?
2, 5, 37
What are the prime factors of 8068?
2, 2017
What are the prime factors of 8613?
3, 11, 29
What are the prime factors of 2358?
2, 3, 131
What are the prime factors of 1811?
1811
What are the prime factors of 5972?
2, 1493
List the prime factors of 729.
3
What are the prime factors of 104?
2, 13
What are the prime factors of 5485?
5, 1097
What are the prime factors of 589?
19, 31
List the prime factors of 484.
2, 11
What are the prime factors of 38303?
38303
What are the prime factors of 17863?
17863
What are the prime factors of 9182?
2, 4591
What are the prime factors of 33474?
2, 3, 7, 797
What are the prime factors of 1203?
3, 401
List the prime factors of 4738.
2, 23, 103
List the prime factors of 287.
7, 41
List the prime factors of 19921.
11, 1811
List the prime factors of 10789.
10789
What are the prime factors of 1262?
2, 631
What are the prime factors of 64699?
23, 29, 97
List the prime factors of 7477.
7477
What are the prime factors of 30327?
3, 11, 919
List the prime factors of 1430.
2, 5, 11, 13
What are the prime factors of 1692?
2, 3, 47
What are the prime factors of 19011?
3, 6337
What are the prime factors of 1565?
5, 313
List the prime factors of 6688.
2, 11, 19
What are the prime factors of 97791?
3, 37, 881
List the prime factors of 203.
7, 29
What are the prime factors of 47453?
7, 6779
List the prime factors of 5889.
3, 13, 151
What are the prime factors of 626?
2, 313
What are the prime factors of 63072?
2, 3, 73
What are the prime factors of 81712?
2, 5107
List the prime factors of 184.
2, 23
List the prime factors of 8213.
43, 191
What are the prime factors of 13289?
97, 137
List the prime factors of 2290.
2, 5, 229
List the prime factors of 24803.
17, 1459
List the prime factors of 1156.
2, 17
List the prime factors of 4019.
4019
List the prime factors of 3167.
3167
List the prime factors of 8683.
19, 457
List the prime factors of 918.
2, 3, 17
List the prime factors of 20373.
3, 6791
List the prime factors of 26298.
2, 3, 487
List the prime factors of 6521.
6521
What are the prime factors of 92?
2, 23
List the prime factors of 25165.
5, 7, 719
What are the prime factors of 1008?
2, 3, 7
List the prime factors of 1026.
2, 3, 19
List the prime factors of 4940.
2, 5, 13, 19
List the prime factors of 2155.
5, 431
What are the prime factors of 778?
2, 389
What are the prime factors of 16214?
2, 11, 67
What are the prime factors of 7568?
2, 11, 43
List the prime factors of 18337.
11, 1667
What are the prime factors of 90687?
3, 19, 37, 43
List the prime factors of 36404.
2, 19, 479
List the prime factors of 3510.
2, 3, 5, 13
List the prime factors of 21533.
61, 353
What are the prime factors of 22641?
3, 7547
What are the prime factors of 10926?
2, 3, 607
List the prime factors of 1233.
3, 137
List the prime factors of 6177.
3, 29, 71
List the prime factors of 12597.
3, 13, 17, 19
What are the prime factors of 16382?
2, 8191
What are the prime factors of 2645?
5, 23
What are the prime factors of 2926?
2, 7, 11, 19
What are the prime factors of 15870?
2, 3, 5, 23
List the prime factors of 91.
7, 13
What are the prime factors of 258?
2, 3, 43
What are the prime factors of 43796?
2, 10949
What are the prime factors of 69801?
3, 53, 439
List the prime factors of 716.
2, 179
What are the prime factors of 41343?
3, 13781
What are the prime factors of 33078?
2, 3, 37, 149
List the prime factors of 1199.
11, 109
List the prime factors of 5208.
2, 3, 7, 31
List the prime factors of 17038.
2, 7, 1217
List the prime factors of 17405.
5, 59
List the prime factors of 123918.
2, 3, 19, 1087
What are the prime factors of 650?
2, 5, 13
What are the prime factors of 81090?
2, 3, 5, 17, 53
What are the prime factors of 1541?
23, 67
What are the prime factors of 5211?
3, 193
List the prime factors of 966.
2, 3, 7, 23
What are the prime factors of 16756?
2, 59, 71
List the prime factors of 54838.
2, 7, 3917
What are the prime factors of 4?
2
List the prime factors of 2326.
2, 1163
What are the prime factors of 144?
2, 3
What are the prime factors of 264?
2, 3, 11
List the prime factors of 10768.
2, 673
What are the prime factors of 3660?
2, 3, 5, 61
List the prime factors of 51937.
167, 311
What are the prime factors of 325?
5, 13
What are the prime factors of 21611?
21611
List the prime factors of 48971.
13, 3767
List the prime factors of 1426.
2, 23, 31
What are the prime factors of 1562?
2, 11, 71
List the prime factors of 4021.
4021
What are the prime factors of 2664?
2, 3, 37
What are the prime factors of 2828?
2, 7, 101
List the prime factors of 2618.
2, 7, 11, 17
List the prime factors of 2498.
2, 1249
What are the prime factors of 78936?
2, 3, 11, 13, 23
List the prime factors of 7059.
3, 13, 181
What are the prime factors of 682?
2, 11, 31
List the prime factors of 3038.
2, 7, 31
List the prime factors of 13899.
3, 41, 113
List the prime factors of 8669.
8669
What are the prime factors of 7865?
5, 11, 13
List the prime factors of 8439.
3, 29, 97
List the prime factors of 11057.
11057
List the prime factors of 866.
2, 433
List the prime factors of 21985.
5, 4397
List the prime factors of 32227.
13, 37, 67
List the prime factors of 1906.
2, 953
What are the prime factors of 70388?
2, 17597
What are the prime factors of 50066?
2, 25033
List the prime factors of 18177.
3, 73, 83
List the prime factors of 2893.
11, 263
List the prime factors of 2133.
3, 79
What are the prime factors of 1368?
2, 3, 19
List the prime factors of 2232.
2, 3, 31
List the prime factors of 1055.
5, 211
What are the prime factors of 692?
2, 173
What are the prime factors of 37498?
2, 18749
What are the prime factors of 7014?
2, 3, 7, 167
List the prime factors of 2381.
2381
List the prime factors of 66259.
173, 383
List the prime factors of 290.
2, 5, 29
List the prime factors of 164.
2, 41
List the prime factors of 2475.
3, 5, 11
List the prime factors of 98519.
98519
What are the prime factors of 3084?
2, 3, 257
What are the prime factors of 22657?
139, 163
List the prime factors of 12820.
2, 5, 641
What are the prime factors of 14762?
2, 11, 61
List the prime factors of 49881.
3, 13, 1279
List the prime factors of 3084.
2, 3, 257
What are the prime factors of 3265?
5, 653
What are the prime factors of 16283?
19, 857
List the prime factors of 807.
3, 269
List the prime factors of 25.
5
What are the prime factors of 35526?
2, 3, 31, 